digit of 9970142?
9
What is the ten thousands digit of 69942107?
4
What is the units digit of 16823409?
9
What is the thousands digit of 488385929?
5
What is the tens digit of 437262238?
3
What is the hundred thousands digit of 76139970?
1
What is the thousands digit of 1075344008?
4
What is the thousands digit of 1212995807?
5
What is the units digit of 478603381?
1
What is the millions digit of 1048523218?
8
What is the hundred millions digit of 266759709?
2
What is the hundreds digit of 34468984?
9
What is the millions digit of 11862596?
1
What is the millions digit of 2511313148?
1
What is the hundred thousands digit of 4428894827?
8
What is the hundreds digit of 465467888?
8
What is the ten thousands digit of 184867624?
6
What is the hundred millions digit of 119665824?
1
What is the hundred thousands digit of 68243702?
2
What is the hundreds digit of 121332833?
8
What is the hundred thousands digit of 38657861?
6
What is the millions digit of 248966047?
8
What is the ten thousands digit of 143341389?
4
What is the hundred thousands digit of 248524743?
5
What is the hundred thousands digit of 493892752?
8
What is the thousands digit of 2171072356?
2
What is the hundred thousands digit of 511032672?
0
What is the thousands digit of 70065499?
5
What is the thousands digit of 223118867?
8
What is the thousands digit of 50645231?
5
What is the thousands digit of 123508709?
8
What is the hundred thousands digit of 2855278934?
2
What is the millions digit of 181817286?
1
What is the thousands digit of 615446818?
6
What is the units digit of 89643069?
9
What is the units digit of 395097?
7
What is the ten millions digit of 2401051005?
0
What is the hundred thousands digit of 683789811?
7
What is the hundred thousands digit of 4978357977?
3
What is the hundreds digit of 29406892?
8
What is the hundred millions digit of 2076351520?
0
What is the hundreds digit of 375458387?
3
What is the hundreds digit of 506076967?
9
What is the millions digit of 275683952?
5
What is the ten thousands digit of 53587510?
8
What is the hundred thousands digit of 8982594?
9
What is the tens digit of 45761692?
9
What is the ten thousands digit of 337577704?
7
What is the thousands digit of 4839308157?
8
What is the hundred thousands digit of 372906772?
9
What is the tens digit of 34300245?
4
What is the millions digit of 19008501?
9
What is the hundred thousands digit of 100192476?
1
What is the tens digit of 41575496?
9
What is the units digit of 227516431?
1
What is the hundred millions digit of 901988509?
9
What is the hundred millions digit of 2996894626?
9
What is the hundred millions digit of 1008315106?
0
What is the millions digit of 177530626?
7
What is the ten thousands digit of 567891892?
9
What is the hundred thousands digit of 32726985?
7
What is the ten thousands digit of 13677620?
7
What is the ten millions digit of 930952066?
3
What is the ten thousands digit of 29359623?
5
What is the hundred millions digit of 515719912?
5
What is the millions digit of 1645484775?
5
What is the hundred millions digit of 397496788?
3
What is the ten millions digit of 232218184?
3
What is the ten thousands digit of 278084555?
8
What is the ten millions digit of 28187924?
2
What is the hundreds digit of 5883953?
9
What is the hundred millions digit of 174974879?
1
What is the tens digit of 263289483?
8
What is the ten thousands digit of 205666945?
6
What is the hundred thousands digit of 1670062017?
0
What is the ten millions digit of 54522269?
5
What is the hundred thousands digit of 351288645?
2
What is the hundred millions digit of 552395342?
5
What is the hundred millions digit of 7816880691?
8
What is the hundreds digit of 13490009?
0
What is the thousands digit of 240197771?
7
What is the tens digit of 272015157?
5
What is the ten millions digit of 31337017?
3
What is the ten thousands digit of 11364098?
6
What is the millions digit of 43807191?
3
What is the units digit of 206789513?
3
What is the hundred thousands digit of 152264741?
2
What is the billions digit of 1732641557?
1
What is the hundred thousands digit of 35535455?
5
What is the ten thousands digit of 73970528?
7
What is the thousands digit of 19474282?
4
What is the ten thousands digit of 218066754?
6
What is the hundreds digit of 12869827?
8
What is the hundred thousands digit of 204638443?
6
What is the ten thousands digit of 614120796?
2
What is the tens digit of 41964978?
7
What is the tens digit of 134336119?
1
What is the tens digit of 55628812?
1
What is the ten millions digit of 89206931?
8
What is the hundred millions digit of 907959590?
9
What is the tens digit of 48913549?
4
What is the millions digit of 99663755?
9
What is the tens digit of 253573920?
2
What is the hundreds digit of 546998084?
0
What is the thousands digit of 160939024?
9
What is the ten millions digit of 64020127?
6
What is the ten thousands digit of 314712550?
1
What is the hundred thousands digit of 11338930?
3
What is the ten millions digit of 938380994?
3
What is the units digit of 3484975711?
1
What is the units digit of 24553967?
7
What is the ten millions digit of 35177579?
3
What is the millions digit of 2125092042?
5
What is the tens digit of 250024263?
6
What is the ten thousands digit of 80362799?
6
What is the tens digit of 2746924991?
9
What is the hundreds digit of 490739357?
3
What is the millions digit of 200648880?
0
What is the ten thousands digit of 131497199?
9
What is the tens digit of 228248180?
8
What is the ten millions digit of 959665841?
5
What is the ten thousands digit of 452148077?
4
What is the thousands digit of 158850007?
0
What is the units digit of 3589043?
3
What is the millions digit of 2147709152?
7
What is the ten thousands digit of 155500982?
0
What is the units digit of 47514155?
5
What is the ten thousands digit of 17948567?
4
What is the millions digit of 728923830?
8
What is the ten thousands digit of 13460033?
6
What is the thousands digit of 5039093?
9
What is the hundred thousands digit of 293011907?
0
What is the hundred millions digit of 527034572?
5
What is the ten thousands digit of 220449367?
4
What is the thousands digit of 161521380?
1
What is the tens digit of 112401687?
8
What is the units digit of 32815861?
1
What is the ten thousands digit of 84779405?
7
What is the units digit of 141360876?
6
What is the hundred millions digit of 3566234096?
5
What is the thousands digit of 51006114?
6
What is the ten millions digit of 15523324?
1
What is the ten millions digit of 2043761800?
4
What is the millions digit of 58340882?
8
What is the hundred thousands digit of 15027140?
0
What is the hundreds digit of 795779047?
0
What is the ten millions digit of 500140049?
0
What is the tens digit of 4386186219?
1
What is the millions digit of 221781183?
1
What is the hundred thousands digit of 60708117?
7
What is the millions digit of 257078297?
7
What is the units digit of 442605290?
0
What is the ten millions digit of 342572583?
4
What is the hundred millions digit of 7678489986?
6
What is the hundred millions digit of 4248508720?
2
What is the ten millions digit of 118427564?
1
What is the ten thousands digit of 59249629?
4
What is the millions digit of 1536545852?
6
What is the ten thousands digit of 3189614035?
1
What is the units digit of 511284266?
6
What is the ten thousands digit of 40625850?
2
What is the thousands digit of 103403652?
3
What is the hundred millions digit of 103191095?
1
What is the hundreds digit of 30301811?
8
What is the units digit of 1717931422?
2
What is the ten thousands digit of 602896727?
9
What is the hundreds digit of 76433993?
9
What is the hundred thousands digit of 79953139?
9
What is the units digit of 16989430?
0
What is the units digit of 31577936?
6
What is the tens digit of 30679311?
1
What is the ten millions digit of 1732874340?
3
What is the thousands digit of 72243754?
3
What is the hundred millions digit of 441414009?
4
What is the millions digit of 125013763?
5
What is the thousands digit of 62052941?
2
What is the ten thousands digit of 500417877?
1
What is the hundreds digit of 358990704?
7
What is the millions digit of 7367986067?
7
What is the thousands digit of 84878454?
8
What is the ten thousands digit of 689641214?
4